). Calculate x(-3).
-8
Let x(k) = -4*k - 20. Let h(c) = c + 2. Let m(p) = 6*h(p) + x(p). What is m(3)?
-2
Let r(g) = -g - 8. Let n(i) = -i - 7. Let q(b) = -6*n(b) + 5*r(b). Let s be q(-5). Let t(o) = -2*o + 1. Calculate t(s).
7
Let l(b) = b**3 - 4*b**2 - 4*b + 3. Let o(m) = m**3 + m**2 - 4*m + 10. Let v be o(5). Suppose 136 = -x + v. Give l(x).
-13
Let s(n) = n**3 - 3*n**2 - 6. Let o be 0/2 + -1 + 25/5. Determine s(o).
10
Let m(l) be the third derivative of l**7/840 + l**6/60 + l**5/60 + l**4/6 - 13*l**3/6 + 2*l**2. Let d(b) be the first derivative of m(b). Give d(-6).
-8
Let m = -52 - -61. Let u(a) = -a + 12. What is u(m)?
3
Suppose -z + 128 - 136 = 0. Let x(n) = -n**2 - 3*n + 6. Give x(z).
-34
Suppose -12*p - 91 + 7 = 0. Let s(g) = g**2 + 6*g + 7. What is s(p)?
14
Suppose -3*z + 5*z + 34 = 0. Let g = z + 19. Let i(n) = -4*n. Determine i(g).
-8
Let o(n) be the third derivative of -n**6/120 + n**4/12 - 13*n**3/6 - 578*n**2. Determine o(0).
-13
Let o be 27/6*(-60)/45. Let g(u) = -u - 14. Determine g(o).
-8
Let u be -3 - (-6)/((-36)/66) - -7. Let n(a) = 4*a. Give n(u).
-28
Let k(c) = -c**3 + 4*c**2 + 7*c - 1. Suppose 3*v + 5 = -25. Let m(d) = -d**2 - 12*d - 15. Let b be m(v). Give k(b).
9
Let o(a) = -a**2 + 5*a + 1. Let w(t) = t**2 - 10*t + 30. Let v be w(6). What is o(v)?
-5
Suppose -u + 5 = -6*u. Let h(c) be the second derivative of 1/2*c**2 + 12*c + 0 + c**3. Calculate h(u).
-5
Let d(v) = -4*v**2 - 2 + 2*v**3 - 4*v + 9*v + 2*v**3 - 3*v**3. Suppose -1 = -2*n - 4*j + 5, -9 = -3*n - 3*j. What is d(n)?
4
Let j = 414 + -408. Let g(a) = 6*a + 5*a**2 + 0*a**3 + 6 - 3*a**3 + 2*a**3. Determine g(j).
6
Let x(o) be the first derivative of o**4/4 + 7*o**3/3 + 3*o**2 + 5*o - 4. Let b be x(-6). Let z(r) = -4 + 7 + 3*r**3 + 5*r - 4*r**3 + 4*r**2. Determine z(b).
3
Let v(z) be the third derivative of -z**6/360 + z**5/30 + z**4/8 + 8*z**2. Let j(b) be the second derivative of v(b). Give j(4).
-4
Suppose 0*w = 5*w - 15. Suppose -3*z - 1 = b - 4*z, -w*b = 5*z - 37. Let v(l) = -5*l - 3 + 8 + 3*l. Determine v(b).
-3
Let u = 39 - 36. Let v be 2/2 - (-1 - -1). Suppose -w = -v - u. Let f(g) = g + 1. Determine f(w).
5
Let j(i) = 8*i**2 + 2*i + 1. Let y(w) = -2*w. Let u(z) = z. Let g(a) = 3*u(a) + y(a). Let n = -36 + 35. Let r be g(n). Give j(r).
7
Let s(d) = -2*d**3 + 16*d**2 - 8*d - 33. Let q(z) = -z**3 + 8*z**2 - 3*z - 16. Let r(i) = 5*q(i) - 2*s(i). Give r(8).
-6
Let b(d) be the second derivative of -d**5/20 + d**4/12 + d**3/6 + d**2/2 - 148*d. Determine b(0).
1
Let u(r) be the second derivative of 0 + 1/2*r**2 + 1/6*r**3 + 9*r - 5/12*r**4 + 1/20*r**5. What is u(2)?
-9
Let q(d) = d**2 - 5*d + 2. Let s(u) = u**2 - 11*u + 28. Let n be s(4). Let g be (6/(-4))/(2/(-4)). Suppose n = c + g*b + 1 - 7, -c + 6 = b. Determine q(c).
8
Let k(u) = -u**3 + 4*u**2 + u - 2. Suppose 92 = -4*l + q, l - 3*q = 6*l + 115. Let p be (l/69)/(2/(-18)). What is k(p)?
10
Let i(l) = -l**3 - 4*l**2 + 5. Let f be i(-4). Let c be (-6)/(-30) + (-21)/f. Let b(d) = -d**2 - 4*d - 6. Give b(c).
-6
Let o(y) be the third derivative of -y**5/6 + y**3/6 + 2*y**2. Suppose -3*l = -8*l - 20. Let k be l/(-18) + (-110)/90. Give o(k).
-9
Let v(f) = 43*f - 4. Let u(k) = 79*k - 7. Let z(s) = 6*u(s) - 11*v(s). Calculate z(-11).
-9
Let c(p) = -p**2 - 4*p - 1. Let b be c(-5). Let n be 90/(-21) - b/21. Let g(q) = -1 - 2*q - 1 + 3. Determine g(n).
9
Let y(t) = -76*t + 148*t - 7 - 74*t - 2. What is y(-4)?
-1
Let s = 56 - 54. Suppose -4*k + f - 4 + 2 = 0, 3*k - s*f = -4. Let i(x) = -x**2 + x + 9. Calculate i(k).
9
Let f(k) = 16*k**3 - k**2 - k + 1. Suppose 0 = 5*n - 3*o - 20, 6*n - 16 = 2*n - 4*o. Suppose c = -2, 0*c + c = -n*t + 2. Give f(t).
15
Let a(m) be the first derivative of -8*m - 7/2*m**2 - 1/3*m**3 + 44. Determine a(-6).
-2
Let d(b) = 2*b**3 + 7*b**2 - 3*b + 1. Let h(z) = 3*z**3 + 14*z**2 - 6*z. Let k(n) = -5*d(n) + 3*h(n). Determine k(6).
13
Let z(p) be the second derivative of -p**4/12 - 5*p**3/6 - p**2/2 + p. Let x(m) = -m**3 - 27*m**2 + 31*m + 82. Let q be x(-28). What is z(q)?
5
Let i(s) = 5*s - 24. Suppose -8*q = -18 - 30. Determine i(q).
6
Let y(r) = -r - 5. Let b be y(-8). Let x(p) be the third derivative of -p**6/120 + p**5/12 - p**4/6 - p**3/6 - 14*p**2. What is x(b)?
5
Let g(b) be the third derivative of 0*b + 7*b**2 + 0*b**3 + 1/24*b**4 + 0. Let y(o) = o**3 - 2*o**2 - o - 1. Let d be y(2). Calculate g(d).
-3
Let k(d) = 3*d - 6. Suppose 5*u = 2*i + 6, 3*i + 3 = -4*u + 2*i. Let w be k(u). Let l(a) = a**3 + 7*a**2 + 8*a + 8. What is l(w)?
-4
Let y(u) = -10*u + 3. Let g(v) = -7*v + 3. Let n(z) = 7*g(z) - 5*y(z). Give n(-8).
-2
Suppose -4*z + 53 = 5*h + 1, -44 = -5*z - h. Let t(a) = z*a + 191 - 3*a - 200 + 2*a + a**2. Determine t(-8).
-1
Let j(d) be the third derivative of d**4/24 + d**3/6 + 2*d**2 + 115. What is j(-9)?
-8
Let g(n) = 4*n - 37. Let l be g(10). Suppose l*b + 8 = -2*i, i + 4*b + 5 = 2*b. Let x(h) = 10*h**2 + 1. Determine x(i).
11
Let s(t) = -t**2 - 2*t + 2. Let q be s(2). Let n(o) = o. Let i(g) = -4*g - 9. Let y = -24 + 22. Let b(w) = y*n(w) - i(w). Give b(q).
-3
Let f(z) = 0*z**2 + 4*z**2 - 5*z**2 - 9 + 6*z. Suppose -v + 5*v - 24 = 0. What is f(v)?
-9
Let h(n) = -3*n**3 - n**2 + 2*n + 1. Let l(a) = a**2 + 21*a + 19. Suppose 2*y - 54 = 5*y. Let x be l(y). Let i = 33 + x. Calculate h(i).
17
Suppose -144 = -15*o - 39. Let s(h) = -h**2 + 10*h + 8. What is s(o)?
29
Let h(g) = -67 + 20*g + 70 - 14*g + 2*g**2. Determine h(-5).
23
Let j(n) be the second derivative of 2*n**3/3 + n**2/2 + n. Let k = 19965 - 19963. What is j(k)?
9
Let h(u) = -4*u**2 - 10*u**3 - 10*u**3 + 3*u + 1 + 21*u**3. Let x be (-1 + 2)/((-2)/(-6)). Calculate h(x).
1
Let p(k) be the second derivative of k**5/20 + k**4/3 + k**3 - k**2 - 20*k - 2. Give p(-2).
-6
Let n = 2494 + -2502. Let r(i) = -4*i**3 - 10*i**2 + 12*i + 4. Let q(d) = 11*d**3 + 29*d**2 - 35*d - 13. Let b(j) = 3*q(j) + 8*r(j). Give b(n).
1
Let x(w) = 4*w**2 - w - 1. Let g = -3 - -24. Let d = -16 + g. Suppose 3*l + d = 2*b, 2*l - 4*b = -0*l - 6. Determine x(l).
4
Let d(o) = -o**3 + 5*o**2 - 2*o - 3. Let q(p) = -2*p**2 - 31*p - 88. Let b be q(-4). Calculate d(b).
5
Let f(q) = -6*q - 5. Suppose o - 4*n - 15 = n, 2*o = -3*n + 4. Let m(c) = -11*c - 9. Let g(i) = o*f(i) - 3*m(i). Calculate g(-3).
-7
Let m(a) = -a**3 - 2*a**2 - a - 4. Let f be (1 + 1)/(-2) + 2. Let k be 4/f*(-3)/6. Let o be 3 - k/(-1) - 4. Give m(o).
8
Let q = -104 + 107. Let b(v) = -v**3 - 6*v**2 + 1. Let a be b(-6). Let l be (a + (1 - q))*1. Let x(k) = 15*k**2 + 2*k + 1. What is x(l)?
14
Let a(r) = -r**3 - 8*r**2 - 7*r + 6. Let j be a(-7). Suppose 0 = -19*d + 22*d - 6. Let y(z) = -8 - d*z + 6 + 9. Give y(j).
-5
Let u(p) be the first derivative of p**3/3 + 5*p**2/2 + 3*p - 118. What is u(-3)?
-3
Let j(y) be the first derivative of 1/4*y**4 - 4*y - 18 + 0*y**3 + 1/2*y**2. Calculate j(0).
-4
Let b(m) = -m**3 + 3*m**2 + 4*m + 1. Let k = 26 + -22. What is b(k)?
1
Let l(g) = -g**3 - 4*g**2 - 7*g - 28. Let a be l(-4). Let z(t) be the third derivative of -7/6*t**3 + 0 - 4*t**2 + a*t + 1/24*t**4. What is z(3)?
-4
Let v(u) = -6*u + 23. Let r(g) = -8*g + 1. Let z(y) = -r(y) + v(y). Determine z(-10).
2
Let f = -1 + 4. Let w(x) = -x - 1. Suppose -3*t - t = -24. Let p(m) = 10*m + 5. Let z(r) = t*w(r) + p(r). What is z(f)?
11
Let g(h) = 7*h**3 - 140*h**2 - 2*h + 46. Let r be g(20). Let w(u) = -u**2 + 3*u + 6. Give w(r).
-12
Suppose -v + 4*t + 26 = 0, 0*v - 5*v = -2*t - 40. Let u(y) = -v*y + 10*y - 5*y - 3. What is u(-7)?
4
Let a = -679 + 678. Let j(d) = -2*d**2 - 4*d - 4. Determine j(a).
-2
Let o(a) = 2*a**2 - 1. Suppose 0 = 2*n - j - 51, -4*j + 50 = n + 11. Let l = -28 + n. Give o(l).
1
Suppose 3*y - 62 = -a, -5*y + 90 = 5*a - 10*a. Let o(g) = g**2 - 19*g - 24. What is o(y)?
-4
Let s(n) be the first derivative of -24 + 3/2*n**2 - n. What is s(6)?
17
Let n(p) be the first derivative of -p**6/120 + 7*p**5/60 - p**4/4 - 5*p**3/6 - 19*p**2/2 - 18. Let c(j) be the second derivative of n(j). Give c(5).
15
Let j be (-3)/(((-4)/6)/2). Let m = j + -3. Let p(x) be the second derivative of -x**3/6 + x**2 - 2*x + 261. Give p(m).
-4
Let a be (100/100)/(((-4)/(-14))/(-2)). Let d(l) = -l**3 - 6*l**2 + 5*l - 14. Calculate d(a).
0
Suppose -3*l + 4*d + 2 = 1, 0 = -2*l + 4*d - 2. Let h(o) be the third derivative of o**4/12 - 12*